e remainder when 461 is divided by 232?
229
Calculate the remainder when 61 is divided by 26.
9
Calculate the remainder when 4624 is divided by 18.
16
Calculate the remainder when 366 is divided by 361.
5
What is the remainder when 1614 is divided by 27?
21
Calculate the remainder when 1198 is divided by 100.
98
Calculate the remainder when 51 is divided by 51.
0
What is the remainder when 236 is divided by 61?
53
What is the remainder when 177 is divided by 54?
15
What is the remainder when 66 is divided by 28?
10
Calculate the remainder when 694 is divided by 141.
130
Calculate the remainder when 998 is divided by 6.
2
What is the remainder when 86391 is divided by 119?
116
Calculate the remainder when 432 is divided by 62.
60
Calculate the remainder when 225 is divided by 10.
5
What is the remainder when 127 is divided by 29?
11
What is the remainder when 245 is divided by 34?
7
Calculate the remainder when 241 is divided by 2.
1
Calculate the remainder when 147 is divided by 3.
0
Calculate the remainder when 181 is divided by 49.
34
What is the remainder when 2507 is divided by 12?
11
Calculate the remainder when 6058 is divided by 303.
301
What is the remainder when 914 is divided by 23?
17
What is the remainder when 499 is divided by 30?
19
What is the remainder when 714 is divided by 41?
17
What is the remainder when 2433 is divided by 806?
15
What is the remainder when 1026 is divided by 21?
18
What is the remainder when 2481 is divided by 12?
9
What is the remainder when 3660 is divided by 11?
8
Calculate the remainder when 330 is divided by 275.
55
Calculate the remainder when 19 is divided by 7.
5
Calculate the remainder when 57 is divided by 23.
11
Calculate the remainder when 254 is divided by 65.
59
What is the remainder when 7789 is divided by 20?
9
Calculate the remainder when 1410 is divided by 112.
66
What is the remainder when 824 is divided by 293?
238
Calculate the remainder when 340 is divided by 286.
54
What is the remainder when 150 is divided by 52?
46
Calculate the remainder when 93 is divided by 38.
17
Calculate the remainder when 114 is divided by 13.
10
Calculate the remainder when 25 is divided by 13.
12
Calculate the remainder when 5935 is divided by 112.
111
What is the remainder when 639 is divided by 12?
3
Calculate the remainder when 331 is divided by 84.
79
Calculate the remainder when 4469 is divided by 1488.
5
Calculate the remainder when 59 is divided by 20.
19
Calculate the remainder when 1373 is divided by 46.
39
Calculate the remainder when 1439 is divided by 197.
60
Calculate the remainder when 75 is divided by 21.
12
What is the remainder when 576 is divided by 103?
61
What is the remainder when 25705 is divided by 11?
9
Calculate the remainder when 75 is divided by 38.
37
What is the remainder when 377 is divided by 97?
86
What is the remainder when 22 is divided by 2?
0
What is the remainder when 9205 is divided by 31?
29
What is the remainder when 7275 is divided by 68?
67
Calculate the remainder when 66 is divided by 35.
31
What is the remainder when 461 is divided by 50?
11
What is the remainder when 132 is divided by 20?
12
Calculate the remainder when 2894 is divided by 262.
12
Calculate the remainder when 474 is divided by 25.
24
What is the remainder when 13289 is divided by 4429?
2
What is the remainder when 5766 is divided by 19?
9
Calculate the remainder when 558 is divided by 89.
24
Calculate the remainder when 17246 is divided by 14.
12
What is the remainder when 530 is divided by 136?
122
What is the remainder when 989 is divided by 32?
29
What is the remainder when 86 is divided by 29?
28
Calculate the remainder when 1135 is divided by 403.
329
Calculate the remainder when 512 is divided by 34.
2
What is the remainder when 4417 is divided by 33?
28
Calculate the remainder when 254 is divided by 230.
24
What is the remainder when 8016 is divided by 19?
17
What is the remainder when 4317 is divided by 56?
5
What is the remainder when 3952 is divided by 172?
168
What is the remainder when 729 is divided by 226?
51
Calculate the remainder when 70 is divided by 42.
28
What is the remainder when 1680 is divided by 237?
21
What is the remainder when 2293 is divided by 471?
409
Calculate the remainder when 166 is divided by 10.
6
What is the remainder when 389 is divided by 80?
69
Calculate the remainder when 392 is divided by 6.
2
What is the remainder when 398 is divided by 52?
34
What is the remainder when 140 is divided by 62?
16
Calculate the remainder when 37 is divided by 18.
1
What is the remainder when 505 is divided by 46?
45
What is the remainder when 419 is divided by 71?
64
Calculate the remainder when 696 is divided by 48.
24
What is the remainder when 1506 is divided by 26?
24
Calculate the remainder when 325 is divided by 150.
25
Calculate the remainder when 331 is divided by 183.
148
What is the remainder when 1138 is divided by 71?
2
What is the remainder when 1591 is divided by 67?
50
Calculate the remainder when 139 is divided by 12.
7
What is the remainder when 273 is divided by 48?
33
What is the remainder when 153 is divided by 52?
49
What is the remainder when 767 is divided by 110?
107
Calculate the remainder when 3952 is divided by 46.
42
What is the remainder when 213 is divided by 54?
51
What is the remainder when 203 is divided by 68?
67
Calculate the remainder when 123 is divided by 21.
18
Calculate the remainder when 4911 is divided by 14.
11
What is the remainder when 368 is divided by 352?
16
Calculate the remainder when 42 is divided by 13.
3
Calculate the remainder when 59278 is divided by 156.
154
What is the remainder when 934 is divided by 130?
24
What is the remainder when 4895 is divided by 68?
67
What is the remainder when 139 is divided by 33?
7
What is the remainder when 100 is divided by 26?
22
What is the remainder when 63 is divided by 12?
3
What is the remainder when 138 is divided by 7?
5
What is the remainder when 189 is divided by 39?
33
What is the remainder when 16399 is divided by 205?
204
What is the remainder when 101 is divided by 31?
8
Calculate the remainder when 72 is divided by 15.
12
What is the remainder when 77 is divided by 8?
5
Calculate the remainder when 104097 is divided by 23.
22
Calculate the remainder when 85 is divided by 18.
13
What is the remainder when 2712 is divided by 101?
86
What is the remainder when 7523 is divided by 342?
341
Calculate the remainder when 1126 is divided by 23.
22
What is the remainder when 1186 is divided by 77?
31
Calculate the remainder when 1517 is divided by 40.
37
What is the remainder when 247 is divided by 66?
49
Calculate the remainder when 1276 is divided by 20.
16
Calculate the remainder when 217 is divided by 11.
8
What is the remainder when 535 is divided by 45?
40
What is the remainder when 525 is divided by 23?
19
What is the remainder when 52 is divided by 37?
15
What is the remainder when 471 is divided by 43?
41
What is the remainder when 97 is divided by 6?
1
Calculate the remainder when 315 is divided by 117.
81
Calculate the remainder when 142 is divided by 65.
12
What is the remainder when 240 is divided by 81?
78
What is the remainder when 119 is divided by 57?
5
Calculate the remainder when 250 is divided by 9.
7
What is the remainder when 1002 is divided by 72?
66
What is the remainder when 376 is divided by 76?
72
Calculate the remainder when 412 is divided by 201.
10
Calculate the remainder when 129 is divided by 48.
33
Calculate the remainder when 341 is divided by 9.
8
Calculate the remainder when 378 is divided by 43.
34
What is the remainder when 32 is divided by 6?
2
What is the remainder when 655 is divided by 130?
5
What is the remainder when 259 is divided by 12?
7
Calculate the remainder when 31 is divided by 6.
1
Calculate the remainder when 157 is divided by 20.
17
Calculate the remainder when 454 is divided by 88.
14
Calculate the remainder when 834 is divided by 5.
4
What is the remainder when 253 is divided by 16?
13
Calculate the remainder when 134 is divided by 30.
14
Calculate the remainder when 945 is divided by 245.
210
Calculate the remainder when 85 is divided by 22.
19
What is the remainder when 2437 is divided by 61?
58
What is the remainder 